q, -5*a - q = -6*q + 100. Let x = a + 21. Let r(u) = 3*u - u**3 - 16*u**x + 3 - u + 15*u**2. Give r(-3).
15
Suppose 4*i - 2*n = -8, -2*n - 107 = -23*i - 115. Let j(p) = 3*p**2 + p + 1. Calculate j(i).
1
Let w(r) be the first derivative of r**4/4 - 9*r**3 - 29*r**2 + r + 405. Determine w(29).
1
Let a(x) = x**3 + 40*x**2 + x + 46. Suppose 23*k + 679 = 179 - 420. Calculate a(k).
6
Let k(v) be the third derivative of 1/3*v**3 + 1/12*v**4 + 0 + 1/120*v**6 + 38*v - 2*v**2 - 1/20*v**5. What is k(4)?
26
Suppose 43 = 5*h - 62. Suppose -5*z - j + h = -4*j, 25 = 5*z - 5*j. Let v(a) = 1 - z - 76*a**3 + 3*a + 5*a**2 + 77*a**3. Calculate v(-3).
7
Suppose 21*z - 20 = 17*z. Suppose z*h + 6 = 11*h. Let f(p) = -2*p**2 - 5*p - 4. Let q(x) = x**2 + x - 1. Let m(a) = h*f(a) + q(a). Give m(-4).
-5
Let h be (20/(-4))/(-2 + 12/4). Let w be 34*(h/4 + 2/(-8)). Let r = -46 - w. Let z(b) = -b**3 + 6*b**2 - 5*b - 4. What is z(r)?
-4
Let m(v) be the third derivative of -1/60*v**6 + 1/60*v**5 - 1/6*v**3 + 1/24*v**4 + 6*v**2 + 0*v + 0. Let t be (-125)/50*(-4)/5. Calculate m(t).
-11
Let y(w) = -w - 12. Suppose k - 23 = -10*b + 9*b, 0 = -5*k - 25. Suppose b*c = 35*c + 84. Calculate y(c).
0
Let a(s) = -s + 3*s - s + 0 - 5. Let n(b) = b**3 - 8*b**2. Let r be (-13)/(-39) + 23/3. Let l be n(r). What is a(l)?
-5
Let f(s) = 60 + 115*s - 157*s + 44*s. Calculate f(-25).
10
Let c(q) be the first derivative of 6 + 1/2*q**2 + 1/3*q**3 + 3*q. Suppose 0 - 3 = 5*y - j, -4*j = -5*y - 12. Give c(y).
3
Let b(p) = p**3 - 17*p**2 + 9*p + 29. Let f(m) = -m**3 + 17*m**2 - 8*m - 30. Let z(l) = 5*l - 38. Let j be z(9). Let r(n) = j*b(n) + 6*f(n). What is r(16)?
7
Let q(a) = 6*a + 23. Suppose 3*v = 8*u - 7*u - 14, 2*u + 5 = -5*v. Give q(v).
5
Let a(p) = -346*p - 3089. Let g be a(-9). Let o(j) = j**2 - 25*j + 20. What is o(g)?
20
Let s(i) = -i**3 - 15*i**2 - 51*i - 2. Let y be s(-5). Let v(d) = -d**y + 4*d - 5*d**2 - 38 + 34 + 5. Give v(-6).
13
Let l(j) be the first derivative of -j**4/4 + 2*j**3 - 13*j**2/2 + 4*j - 11016. Give l(4).
-16
Suppose -3*f + 26*f - 1107 = -808. Let q(p) be the first derivative of 3*p**2 - f + 4*p - 1/3*p**3. Give q(3).
13
Let d(q) = -q**3 - 6*q**2 - 2*q - 9. Let t = -233 + 227. Let p be 4 - 23/6 - (-37)/t. What is d(p)?
3
Suppose -v - 3*m - 2*m - 24 = 0, 0 = 3*m + 15. Let o(t) = -105*t + 3687. Let n be o(35). Let r(a) = n*a**2 - 2*a**3 - 16*a**2 + 3*a**3 - v - 7*a. Give r(5).
-11
Let s be 6 - 1 - (-1 - -1). Let u(q) = 336*q**3 - 3*q + 7. Let w(t) = -269*t**3 + t**2 + 4*t - 7. Let b(p) = 4*u(p) + 5*w(p). Give b(s).
33
Let j(f) be the second derivative of f**4/12 + 7*f**3/6 + 7*f**2/2 + 8*f + 1699. Let b(s) = -s**2 - 2*s + 2. Let u be b(-4). Give j(u).
1
Let u = -658 + 668. Let k(i) = 2*i**3 - 22*i**2 + 17*i + 27. Let t be k(u). Let v(x) = -3*x - 13. Determine v(t).
-4
Let v = -7531 + 7533. Let f(z) = -4*z - 7*z**2 - z**2 + 0*z + 3. Give f(v).
-37
Let d(t) = 3*t**3 + 4*t**2 + 2*t - 2. Let k be d(-2). Let l(f) = 151*f**2 - 54*f**2 - 61 - 51*f**2 - 47*f**2 + 42 - 15*f. Calculate l(k).
-5
Let k(i) = i**3 - 13*i**2 + 13*i - 9. Let w be k(12). Suppose 142 = 5*u + 4*s - 2*s, -3*u = -s - 83. Let y(l) = -u*l - w + 13*l + 16*l. Give y(-5).
-8
Let i(n) = n**2 - 5*n + 4. Let f be i(3). Let u be 1/(((-44)/(-376))/11). Let a(x) = -u*x - 1 + 88*x + 0. What is a(f)?
11
Suppose 3*j = 2*j + 4*h - 5, -3*j + 37 = h. Let p(i) = -i**2 - i**3 + 16*i - 26*i + j*i. Calculate p(-1).
-1
Let g(r) be the second derivative of -r**3/6 + 27*r**2/2 + 2*r - 5352. What is g(22)?
5
Let l(f) = 2*f**3 - 2*f - 1. Suppose 17*u = 19*u + 364. Let r = u - -181. Give l(r).
-1
Let k(p) = -p**3 + 4*p**2 - 5*p + 21. Let u be k(0). Let a = u + -16. Let t(j) = j**2 - 8*j + 11. Give t(a).
-4
Let r(a) = 22 + 1098*a - 1093*a - 11 + 33 + 12. Calculate r(-11).
1
Let x(u) = u**3 - 8680 - 3*u**2 + 17345 - 8664 - 3*u. Calculate x(-2).
-13
Let g(t) = t**2 - 6*t + 4. Let q be (-1 - (-2 + 1 + 3))/(-1). Suppose -c - q*s = -2*c - 7, 0 = 2*c - 2*s - 2. Give g(c).
-1
Let t(n) = -21*n - 151. Let x(r) = -151*r - 1108. Let y(g) = 22*t(g) - 3*x(g). Let v(p) = -p**2 - 4*p + 7. Let m be v(-5). What is y(m)?
-16
Let r(x) = 21*x**2 + 59*x - 42. Let u(i) = -8*i**2 - 21*i + 14. Let h(z) = -3*r(z) - 8*u(z). Calculate h(7).
0
Let k(h) be the third derivative of -h**6/120 + 7*h**5/60 - h**4/6 + h**3/2 - h**2. Let i = 430325 + -430319. Determine k(i).
15
Let b(z) = -2067 + 2068 + z**2 + 0*z**2 + 0*z**2 + 3*z**3 + z. Let p be 6 + (-5)/(10/6). Suppose 2 - p = s. Calculate b(s).
-2
Let m(t) be the first derivative of t**3/3 + 9*t**2 + 48*t + 7389. Calculate m(-3).
3
Suppose 189 = -15*z - 4*z - 2*z. Let i(t) = t - 3. Determine i(z).
-12
Let f = -446 + 448. Let r(k) = 18 - 18 - 3*k + 5 + k**f. Give r(-4).
33
Let t(r) = -r - 2. Let s be -5*59 - (-9)/(-9). Let x = s + 303. Determine t(x).
-9
Let s(i) = 180*i + 2. Let n(t) = 103*t. Let o(m) = -7*n(m) + 4*s(m). Let f be 0/(1 + -1 - 1). What is o(f)?
8
Let k(d) = 9*d - 5*d**2 - 631 - d**3 + 631. Suppose -10*h + 8*h + 3*c = 26, -30 = 2*h - 4*c. Determine k(h).
35
Let u = 1 + -6. Let j be 334 + -329 + 2/3*3. Let m(t) = -t - 7 - 5 + j - 6. Determine m(u).
-6
Let x be 66 - 62 - ((-13)/(-26))/((-2)/8). Let p(j) = -3*j - 6 - 9 + 6*j. What is p(x)?
3
Let z(a) = -a**3 - 3*a**2 - 7*a - 5. Let v be z(-3). Suppose 5*s + 5*x = -v - 19, -5*x = -4*s - 28. Let l(b) = 7 - 4 + b**2 - 1 + 7*b. Give l(s).
2
Let x(g) be the third derivative of 0*g - 1/6*g**4 + 86*g**2 + 0 - 2/3*g**3. Determine x(-2).
4
Let n(c) = -10 + 8 - 4 - 6*c - 20*c**3 + 22*c**3. Determine n(-1).
-2
Let o = 7734 + -7723. Let v(q) = q**3 - 10*q**2 - 4*q - 1. Determine v(o).
76
Let q be ((-40)/8 + -5)/(2/((-10)/(-5))). Let y(t) = t**3 + 12*t**2 + 12*t - 13. What is y(q)?
67
Let b(s) = -9*s + 28. Let q(v) = 2*v - 12*v + 496 - 461. Let h(l) = 5*b(l) - 4*q(l). Determine h(1).
-5
Suppose -133*n + 138*n = 15. Let s(i) = 10*i**3 - 2*i + 1 - 5*i**n - 4*i**3. Give s(-2).
-3
Let y be (1*-136)/4*3/(-3). Let u(k) = y*k - 67*k + 34*k - 17. Determine u(12).
-5
Let o be (13/(-20) - 1/(-4))*-5. Let a(j) = -4 + 1 - 2886*j**2 + 2892*j**o + 2*j - j**3 - 5. Calculate a(6).
4
Let x(y) = y**2 + 40*y + 266. Let l = -18701 + 18693. Give x(l).
10
Let q(s) = -7 - 13 - s**2 - 146*s - 25 + 159*s + 23. Calculate q(9).
14
Let l(n) = n**2 - 24*n + 69. Suppose 6*p - 35 - 19 = 0. Suppose 0 = -p*f + 8*f + 21. Let u be l(f). Let d(m) = -m**3 + 6*m**2 + 3*m - 9. What is d(u)?
9
Let i(u) = -u - 5. Let m be i(-2). Let a(w) = 303*w - 2 + 6 - 294*w. Give a(m).
-23
Let x(a) = a - 15. Suppose -33*y + 12 = -47 - 7. Give x(y).
-13
Let a(l) be the second derivative of l**4/4 - l**3/6 - l**2/2 - 17*l + 1043. Let h be (3/2)/((-6)/(-8)). Calculate a(h).
9
Let s = 5 + 1. Suppose -16 = -s*f + 4*f. Let o(m) = m**3 - 7*m**2 - 9*m - 3. Calculate o(f).
-11
Let g(t) = -t**2 + 11*t - 12. Suppose -11*v - 796 = 4*c - 7*v, 3*v = -4*c - 792. Let u = c + 204. Calculate g(u).
6
Let u(t) be the third derivative of -t**6/40 + 19*t**5/60 - t**4/3 + 2*t**3/3 - t**2 - 1761*t. Determine u(6).
-8
Let s = 95 + -93. Let z(j) = -1118 + 1126 - 12*j**s - 6*j**3 + 5*j**3 + 12*j. Determine z(-13).
21
Let h(r) = -r - 77. Suppose 0 = k - 4*f + 23, 2*k + 102 - 70 = f. Calculate h(k).
-62
Let m = -335 - -333. Let c(u) = -9*u**2 - 19*u + 1. Let g be c(m). Let s(q) = 3*q - 1. Determine s(g).
8
Let c be ((-10)/(-2) - (4 + 0))/((-1)/(-11)). Let m(y) = -y**3 + 10*y**2 + 9*y + 31. Determine m(c).
9
Let p(l) = 4*l**2 + l + 2. Let f = -7361 - -7365. Let q = 11 + -6. Suppose 2*j = -3*k - 1 - 5, -10 = q*k + f*j. What is p(k)?
16
Let j(m) = m**3 - 2*m**2 - 13*m + 20. Let n be (-59)/(-15) - (-64)/960. Determine j(n).
0
Let h be ((-74)/(-407) - (-114)/(-22))*-4. Let d(c) = -c**2 + 23*c - 67. Give d(h).
-7
Let a(p) = -100 - 3*p + 4*p**2 + p**3 + 99 - 2*p**2. Let t be (-20 - -26)*2/4. Suppose -3*m + 3 = 3*z, 2*m = -t*z + m - 5. Calculate a(z).
-1
Let a(g) = g**2 + 12*g - 7. Let w(d) = -4*d**2 + 116*d - 561. Let l be w(23). Determine a(l).
-34
Let s(m) = 13*m + 1479 - 2915 + 1437. Calculate s(-9).
-116
Let p = -3 - -4. Let u(o) = -66 - 44 + 5*o**3 + 2*o - 48 - 2*o**2 - 45 - 2*o**3 + 202. Give u(p).
2
Let f(h) = 4*h**3 - 9*h**2 + 4*h + 6. Let j(i) = 5*i**3 - 9*i**2 + 5*i + 5. Let v(o) = -6*f(o) + 5*j(o). Let d be (-5)/2*(-72)/(-40)*2. What is v(d)?
-